- 2*j, 4*j + j - l = -s. Suppose -3*y + 7*n + 312 = 9*n, 102 = y + n. What is the highest common divisor of s and y?
12
Suppose -124 = -3*p + 308. Let q(z) = 83*z + 348. Let l be q(-4). Calculate the highest common divisor of p and l.
16
Let g(t) = 24*t**2 - 13*t - 49. Let o be g(-4). What is the greatest common factor of o and 9?
9
Suppose -6603 + 20363 = 20*u. Calculate the greatest common divisor of 32 and u.
16
Let z(t) = t**2 - 21*t - 252. Let q be z(30). Suppose -4*v - 1 = -c + 5, 0 = 5*c + 2*v - 8. What is the highest common factor of q and c?
2
Let r = -63 - -113. Suppose -m + 25 = 4*y, 2*m - r = y - 0*y. What is the highest common divisor of 5 and m?
5
Let m be (-2)/8 + (-330)/(-40). Suppose -5*v = -m - 7. Suppose 5*k - 69 = v*l + 174, -5*k = -4*l - 244. What is the greatest common divisor of k and 32?
16
Let d(o) = o**2 - 7*o + 7. Let v be d(6). Let i be 1 + 1*(v + 2). Suppose -i*n + 7*n = 36. What is the highest common factor of n and 48?
12
Let y = -1135 + 1145. Calculate the highest common factor of y and 190.
10
Suppose 0 = 4*o - 26*o + 1100. Calculate the highest common factor of 3 and o.
1
Let d be -2*(2 + -4 + 0). Let b(w) = 2*w - 10. Let o be b(10). Let l(z) = z - 8. Let m be l(o). What is the highest common factor of d and m?
2
Suppose 270*j + 1534 = 287*j - 4433. Let r be 41*1 - (1 + 1). What is the greatest common factor of j and r?
39
Let b be (-20)/3*(-21)/14. Let v = 949 + -924. What is the highest common factor of v and b?
5
Suppose -o - j + 3*j = -58, 0 = -5*o + 4*j + 260. Let b = o + -35. What is the greatest common factor of b and 377?
13
Let u = 0 - -2. Let l = 241 + -239. What is the highest common factor of l and u?
2
Let t be (-12)/5*(-70)/28. Let y = 9 + 57. Calculate the greatest common factor of t and y.
6
Let c be (-6)/8 + 1048/32. Calculate the highest common divisor of 152 and c.
8
Let c = -1292 - -2202. Calculate the highest common divisor of c and 104.
26
Suppose 8*z - 52 = 4. Let t be 120*(-4)/(-6) - 3. Calculate the greatest common factor of z and t.
7
Let f be 2*(-33)/6*-10. Suppose 3*i = -2*o + 328, 2*i - o = 3*i - f. What is the greatest common divisor of i and 12?
12
Let p be (3 - (6 + -5))*34. Let y = -5 + 9. Suppose -p = -8*a + y*a. Calculate the greatest common factor of a and 17.
17
Let u be (32/(-3))/((-21)/(-9) + -2). Let q = 30 - u. Calculate the greatest common factor of q and 31.
31
Let k = -137 - -305. Suppose 0 = -10*u + 8*u + k. Calculate the greatest common factor of 126 and u.
42
Suppose -5*r - x + 10 = -1, -3*r - 4*x = 7. Suppose 0 = 5*v - g - 68, r*v - 5*v - 5*g = -11. Calculate the highest common divisor of v and 26.
13
Let l = 52 + -38. Calculate the highest common divisor of l and 4.
2
Let v = 519 - 464. What is the highest common divisor of 143 and v?
11
Suppose 8*w - 14*w = -66. Let s(z) = 2*z + 18. Let g be s(w). Calculate the highest common factor of g and 8.
8
Let a(i) = i**2 + 4*i + 3. Let g be a(-6). Let j be 8/(-28) + (-69)/(-21). What is the highest common divisor of g and j?
3
Let g be (-5*(-116)/20)/((-2)/(-4)). Let b = g - 38. What is the highest common divisor of 220 and b?
20
Let z be 4*-5*-2*3. Suppose 5*u = 6*u - 40. Let a = u - 10. What is the greatest common factor of z and a?
30
Let a be 2/((-3)/(-6)*2). Let r = -12 + a. Let u = 10 - r. What is the highest common divisor of 4 and u?
4
Suppose -168 = 22*j - 20*j. Let w be (-439)/(-4) - 21/j. Calculate the highest common divisor of w and 10.
10
Let m be 30/(-9)*6/(-4). Let f = 6 + -6. Suppose -5*d + 164 = 2*j - f*d, -m*d - 196 = -3*j. What is the highest common factor of 18 and j?
18
Suppose 29 = 2*z + 75. Let s be (-14)/(-35) + z/(-5). Suppose -s*p + 18 = -32. Calculate the greatest common factor of p and 100.
10
Let g = -38 + 90. Calculate the highest common divisor of g and 156.
52
Let f = -66 + 86. Calculate the highest common divisor of f and 5.
5
Let b = 6 - 6. Let o be (-4)/(-2) + 1 - (b - -2). Calculate the highest common factor of 7 and o.
1
Let c be -3 + 5/((-5)/(-3)). Let k = c - -1. Suppose t + 0*t - k = 0. What is the highest common factor of 3 and t?
1
Let y be (-4)/(-2) - (2 + 0). Suppose -4*x + 2*p - 2 = y, 2*x - 5*p + p + 4 = 0. Let w be (-108 + x + 3)/(-1). What is the highest common factor of 15 and w?
15
Let g = -360 + 367. Calculate the highest common divisor of g and 203.
7
Let f be ((-152)/(-6))/((-2)/(-9)). Let h(i) = -12*i + 11. Let b be h(4). Let v = f + b. Calculate the greatest common divisor of 7 and v.
7
Let z = -11516 - -11525. Suppose 116 = 2*f + 3*h - 61, -f = 5*h - 106. Calculate the highest common divisor of z and f.
9
Suppose 0*y + 4*y = -200. Let t = y - -29. Let c = 30 + t. Calculate the greatest common divisor of c and 3.
3
Suppose 8*r - 5*p = 4*r + 100, -3*r + 74 = -4*p. What is the greatest common factor of r and 240?
30
Let k(l) = l + 9. Let v(r) = r - 1. Let b(o) = -k(o) - 5*v(o). Let w be b(-7). What is the greatest common divisor of w and 57?
19
Let f = -94 - -93. Let j(a) = -2 + 2 - 6*a**3. Let s be j(f). What is the highest common divisor of 42 and s?
6
Suppose -1547*r = -1540*r - 105. What is the highest common factor of 465 and r?
15
Let m be (-140)/(-2)*(77/14 + -4). What is the greatest common divisor of m and 42?
21
Let l = -1794 - -1809. What is the greatest common factor of 915 and l?
15
Suppose -k + 45 - 15 = 0. Suppose 4*j + 12 = 4*f, -5*f + j - 2*j + 15 = 0. Suppose -o = -4 + 1, 5*o - 33 = -f*c. What is the greatest common factor of k and c?
6
Suppose -5*c - 172 = -5*d - 477, 0 = c + 2*d - 58. Let v be ((-10)/(-8))/(5/20). Suppose v*q - 9 - 111 = 0. Calculate the highest common factor of q and c.
12
Suppose g + 24 = 5*g. Suppose 0 = g*u - 2*u. Suppose 2*s - 4 = 0, -4*x + x + 5*s + 305 = u. What is the greatest common divisor of 42 and x?
21
Suppose 0 = 15*g - 25 - 215. Calculate the greatest common divisor of g and 272.
16
Suppose y + 2*x - 125 = 0, -y + 4*x = -154 + 35. What is the highest common divisor of 15 and y?
3
Suppose -31 = 4*d + o - 344, -4*d + 2*o + 322 = 0. Let g = 232 - d. What is the highest common factor of 17 and g?
17
Let y(u) = -u**3 + 4*u**2 - 3*u + 9. Let n be y(5). Let q = 71 + n. Calculate the highest common divisor of q and 100.
20
Suppose 5*y = -3*h + 4*h - 50, y + 5*h = 16. Let w be y/(-1) - (1 - 2). Let r be 199/4 - (-3)/12. Calculate the highest common divisor of w and r.
10
Suppose -4*u + 168 = 2*b, 5*u - 6*u + 2*b + 37 = 0. Let z be (-8)/((-96)/27)*164. Calculate the greatest common factor of z and u.
41
Let x be 2/(-7) + (-424)/(-14). Let j = 25 - 24. Let s be 1*(j + -3 + 14). What is the highest common factor of s and x?
6
Let s be 7/1 + 2/2. Let d = -35 + 67. Calculate the greatest common factor of d and s.
8
Let s = 6 + -3. Let k = s + 0. Let y = 93 + -72. What is the highest common factor of k and y?
3
Suppose -245*i + 24 = -242*i. Suppose 15*g - i*g - 21 = 0. What is the greatest common factor of g and 24?
3
Let u(t) = 2*t**2 + 1. Suppose 9*i - 7*i + 4 = 0. Let q be u(i). Let d = q + 0. Calculate the highest common factor of d and 6.
3
Suppose -t + 117 = -0*t. Suppose -6*b + t = -75. Calculate the highest common factor of 128 and b.
32
Let r(y) = -4*y + 20. Let j be r(9). Let h = j + 18. What is the highest common divisor of h and 2?
2
Suppose -28*x + 13 = -127. Let r be 5 - (0/(-1))/2. Let q = x + r. What is the greatest common factor of 10 and q?
10
Let r(a) = 3*a**2 + 5*a + 13. Let s be r(-7). Calculate the highest common factor of 5 and s.
5
Suppose 0*x + 5*x = 55. Suppose 4*z - 181 = x. Calculate the greatest common divisor of z and 16.
16
Let h be 3/(3/124) + 135/27. What is the highest common factor of 688 and h?
43
Suppose -4 = -f - m, -2*m = 6 + 2. Calculate the highest common divisor of 256 and f.
8
Suppose 3*d = 4*x + 1851, -d - 3*x = -5*d + 2468. Suppose 4*l + 3*a - d = 2*a, 0 = 5*l + 4*a - 774. What is the greatest common factor of 22 and l?
22
Let t = 8 - 13. Let o = t - -13. Let p = 397 - 393. Calculate the greatest common factor of o and p.
4
Suppose w + 0*w + 12 = k, -25 = 5*w + 2*k. Let m = 34 + w. What is the highest common factor of 27 and m?
27
Let r = -91 - -47. Let u = -40 - r. Calculate the highest common factor of u and 20.
4
Let s(j) = -j**2 + 13*j - 12. Let l be s(11). Suppose 0 = -3*h - g 